ens digit of (-2 + n*1/4)*-57?
5
Suppose 72 + 0 = 5*n + 4*q, 0 = -5*n + 3*q + 51. Let a = -9 + n. Suppose -k - 8 = -4*x + 3*k, -a*k = 0. What is the units digit of x?
2
Let k be (-10)/20 - 242/4. What is the units digit of (-26)/(-91) + k/(-7)?
9
What is the hundreds digit of (728/21)/((-18)/(-1593))?
0
Let f be 1 - ((-3 - -2) + 2). Suppose -3*v + 5 = 4*w, w - v - 3 + f = 0. Suppose w*n + 68 = 5*h, h + 2*h - 41 = n. What is the units digit of h?
4
Let d be (-2)/9 - 16/9. Let v be -6*(d + (-88)/(-6)). Let l = -51 - v. What is the tens digit of l?
2
Suppose 0 = -6*s - 6*s + 6480. What is the units digit of s?
0
Suppose -4*d + 4*u - 64 = 0, 5*d + 52 = -4*u + 2*u. Let z(g) = g**2 + 6*g + 4. What is the tens digit of z(d)?
7
Let r(n) = 6*n + 15. What is the units digit of r(51)?
1
What is the units digit of 0 + 3 + 374 + (-3 - 1)?
3
Let n(w) = 2*w**2 - 56*w + 98. What is the units digit of n(-25)?
8
Suppose -2*b - 2*b = -2*t - 20, 3*b = -2*t + 8. Let j(v) = -2*v - 2*v + b - 1 + 6*v. What is the tens digit of j(10)?
2
Suppose -2*u - s + 4628 = 0, -13*s = -6*s - 14. What is the tens digit of u?
1
Suppose -645 = 15*q - 20*q. What is the tens digit of q?
2
Suppose 3*l = -0*y - 2*y + 535, -2*y + 3*l + 505 = 0. Let p = -113 + y. What is the tens digit of p?
4
Suppose 342 = -7*u + 1924. Suppose -8*q + 350 = -u. What is the tens digit of q?
7
Let a(n) = -n**2 + n - 1. Let y(u) = -5*u**2 - 3*u - 29. Let w(h) = 3*a(h) - y(h). What is the hundreds digit of w(-10)?
1
Let v = 51 + -28. Suppose v*g - 165 = 20*g. What is the units digit of g?
5
Let q be -2 + 5 + -3 + 3. Let f be -13*q/3 + -1. Let o = f - -45. What is the units digit of o?
1
Let o be (-2)/(-2) - 4/(-2). Suppose -3*f - 5*b - 27 = -5*f, -4*f + 15 = o*b. What is the units digit of f?
6
Let v(h) = 5*h**2 + 5*h + 36. What is the hundreds digit of v(-8)?
3
Let v be 30*(49/20 + 33/44). Let g be ((-1)/(-1))/((-2)/(-130)). Let q = v - g. What is the tens digit of q?
3
Let v = 1 - -3. Suppose s - v = -0*s. Suppose s*z = 2*z + 28. What is the tens digit of z?
1
What is the units digit of (5/((-25)/12))/(28/(-1890))?
2
Let v(l) = l**3 + 17*l**2 - 15*l + 20. Let i be v(-18). What is the tens digit of (i/(-8))/((-1)/(-20))?
8
Suppose -395 = -4*h - 71. Let p = h + -67. What is the tens digit of p?
1
Let o = -353 + 917. What is the units digit of o?
4
Let q(a) = 33*a + 30. Let s(k) = -66*k - 58. Let c(u) = 5*q(u) + 2*s(u). What is the hundreds digit of c(8)?
2
Let o = -44 - -47. What is the hundreds digit of 3 + 215 - 2/o*-6?
2
Let f(k) = k**3 + 10*k**2 - 2*k + 48. What is the units digit of f(8)?
4
Let n be (-3 - -4) + 2 + 53. Suppose -n = -v + 95. What is the hundreds digit of v?
1
Suppose -22 - 183 = -5*o. Let j(i) = i**3 + 4*i - 5. Let d be j(4). Let s = d - o. What is the units digit of s?
4
Let r(h) = -h**2 + 17*h - 34. Let y be r(15). What is the units digit of y/18 - 29326/(-99)?
6
Let m = -12 + 17. Suppose m*j - 162 - 183 = 0. What is the tens digit of j?
6
Let r = -3 - -7. Suppose s = -3*b - 8, -r*b = 5*s - 6 + 2. Suppose -3*x = -s*z + 33 + 42, z = 5*x + 23. What is the units digit of z?
8
Let z(t) = t**3 - 9*t**2 - 8*t - 3. Let p(g) = -g**3 - 8*g**2 - 7*g + 10. Let x be p(-7). What is the units digit of z(x)?
7
Let w be (4 + 14/(-7))*(-174)/4. Let m = 200 + w. What is the tens digit of m?
1
Suppose -717 = 5*i + 528. What is the hundreds digit of (-2)/(-8)*4 - i?
2
Let v = 729 - 557. What is the units digit of v?
2
Let x be -4 + 2 + -12 + 2. Let s = x + 37. What is the units digit of s?
5
Suppose 0 = 229*g - 227*g - 3148. What is the thousands digit of g?
1
Let p be (-3 - (-196)/63) + 644/36. Suppose 0 = 5*b - 3*b - 18. What is the tens digit of b*(-8)/p*-3?
1
Let f(y) = 10*y**2 - 1. Let c be 0 - -4 - (1 + 2). Let w be f(c). What is the units digit of 56/w + 8/(-36)?
6
Suppose -z - 90 = 4*z. Let g = z + 189. What is the hundreds digit of g?
1
Let y(q) = -q**3 - 7*q**2 + q + 6. Let a be y(-7). Let c be ((-2)/5)/(a/70). Suppose 3*d - 44 - c = 0. What is the units digit of d?
4
Let i be (-9)/(-2)*((-946)/(-3))/11. Let u(n) = 9*n + 12. Let y be u(-8). Let k = i + y. What is the tens digit of k?
6
Let a = -959 - -1077. What is the hundreds digit of a?
1
Suppose z + i + 1 = -0*z, 5*z - 13 = i. Suppose 0 = h + z*h - 120. Suppose 2*o = h - 0. What is the units digit of o?
0
Suppose -44421 = -50*o + 15729. What is the tens digit of o?
0
Let h = 5994 - 2606. Suppose 26*y - 12*y - h = 0. What is the hundreds digit of y?
2
Let l(h) = 6 + 2 - h**3 + 2*h + 42. What is the units digit of l(0)?
0
Suppose -5*f + 8 = 3*m, -3 = -m - 2*f - 0*f. Let c = m + 2. Suppose -c*h + 37 = 2*r, 2*r - 3*h - 65 - 2 = 0. What is the units digit of r?
6
Suppose 5*t - 5*w = 50, 5*t - 4*w - 24 = 27. Suppose 5*u + t = 26. What is the units digit of 63*((-8)/u + 3)?
1
Suppose 4*n = -3*k + 41, -2*n + 4*k = 3*n - 90. Suppose -n*j = -11*j. Suppose -1 = h - 4*o, -o - 2*o + 15 = j. What is the tens digit of h?
1
Suppose 47*u = 45*u - 6. Let v(o) = -9*o**3 - o**2 + 6*o. What is the hundreds digit of v(u)?
2
Suppose 6*p - 561 - 843 = 0. Let n = -135 + p. What is the tens digit of n?
9
Let t be (-1)/4 - 1*(-1971)/12. Suppose 4*h + 56 = 2*u - 48, 0 = 3*u - 2*h - t. What is the units digit of u?
6
Suppose 98*y - 1100 = 93*y. What is the units digit of y?
0
Let o = -22 + 90. Let b = o + -45. What is the units digit of b?
3
Suppose 5*u + 284 - 2769 = s, 0 = u + 5*s - 523. What is the hundreds digit of u?
4
Let m(g) = g**3 - 15*g**2 + 14*g + 19. Let o be m(14). Suppose s = o - 2. Let x = s + 11. What is the units digit of x?
8
Let d = 24 + -20. Suppose 0 = d*f - p - 204, p = -5*f + 107 + 139. What is the units digit of f?
0
Let q(a) = -7 + a**2 - 4*a - 14 + 2. What is the units digit of q(-9)?
8
Suppose 984 = 11*b - 50. What is the units digit of b?
4
Let u be 0 + (5 + -9 - -7). Let f(t) = 56*t + 1. What is the hundreds digit of f(u)?
1
Let u(z) = -27*z + 561. What is the tens digit of u(-7)?
5
Let d = -4 + 5. Let r = 4 + d. Suppose -2*h + r - 37 = -2*n, n - 2*h = 15. What is the units digit of n?
7
Let c(o) = 2*o**2 - 3. Let u be c(2). Suppose 0 = -u*k - 7 - 23. Let s(q) = -2*q - 2. What is the tens digit of s(k)?
1
Let x(w) = -11*w + 8. Let p be x(5). Let f = p - -128. What is the units digit of f?
1
Let x be ((-3)/(-9)*-4)/((-2)/3). Suppose 3*t + 5*u - 8*u = 300, 488 = 5*t - x*u. What is the tens digit of t?
9
Let w = 6 - 1. Let f(s) = -2*s**2 + 13*s - 3. What is the tens digit of f(w)?
1
Suppose 5*w = -3*l - 2*l - 20, -4*w = -3*l + 2. Let f(g) be the first derivative of -g**2 + 71. What is the units digit of f(l)?
4
Let w(q) = -6*q. Let r be w(2). Let k = 12 + r. Let o(n) = n + 20. What is the units digit of o(k)?
0
Let r(f) = f**2 - 8*f - 14. Let m be r(10). Suppose w - 4*z = m, -z = 5*w - 0*z - 72. What is the tens digit of w?
1
Let x be 6/(-10) + (-243)/(-5). Suppose -p = -3*o + x, -o - 2*o = -4*p - 57. Suppose o = -n + 2*n. What is the units digit of n?
5
Let x(n) = 0 + 2 + n**2 - n**3 - 7*n**2 - 6*n. Let f be x(-5). Let l(m) = -m**3 + 9*m**2 - 8*m + 7. What is the tens digit of l(f)?
4
What is the units digit of (2 - 19482/(-9))*162/135?
0
Let k(m) = -8*m**2 + 0*m**3 - m**3 - m - 5 + 2*m**3. What is the units digit of k(9)?
7
Let x(i) = 305*i**2 - 22*i + 13. What is the tens digit of x(3)?
9
Let l = -7 - -5. Let i be (11 - 16)*l/5. Suppose -13 + i = -g. What is the tens digit of g?
1
Suppose v = -4*y - 0*y + 104, v = 2*y + 98. Let p be ((-8)/10)/(2/(-115)). Let i = v - p. What is the units digit of i?
4
Let o be (-4)/(-2) - (-5 - -6). Let f = -2 - o. What is the tens digit of 4/(-2) - 153/f?
4
Suppose -3*l - l - 3*f + 14 = 0, -l = -f. Suppose 5*u + l*u - 784 = 0. What is the tens digit of u?
1
Let s = 26 + -15. Let b = s - -8. What is the tens digit of b?
1
Suppose -2*l + 3*h + 8000 = 0, 15*l + 5*h = 18*l - 12002. What is the thousands digit of l?
3
Let d = 3 + 3. Suppose d = -2*b + 18. Suppose b*p = p + 235. What is the units digit of p?
7
Let y(b) = -b**2 - 51*b - 53. What is the tens digit of y(-22)?
8
What is the hundreds digit of 1/2 - (20970/12)/(-3)?
5
Let u be ((-100)/6)/(40/(-180)). What is the tens digit of u - (1 - 1 - -3)?
7
Let i(c) = c**3 + 5*c**2 - 6*c - 8. Let a be i(-6). What is the units digit of ((-6)/a)/(1/72)?
4
Let k(s